{"id":10288,"date":"2024-10-24T04:25:22","date_gmt":"2024-10-24T04:25:22","guid":{"rendered":"https:\/\/maquinsa.com.ni\/redesign\/?post_type=product&#038;p=10288"},"modified":"2024-10-24T04:25:22","modified_gmt":"2024-10-24T04:25:22","slug":"deter-clor","status":"publish","type":"product","link":"https:\/\/maquinsa.com.ni\/redesign\/producto\/deter-clor\/","title":{"rendered":"Deter Clor"},"content":{"rendered":"","protected":false},"excerpt":{"rendered":"<p class=\"p1\">Nuestro Detergente Clorado es una soluci\u00f3n altamente efectiva para la limpieza y desinfecci\u00f3n de superficies en entornos industriales, comerciales y dom\u00e9sticos. Formulado con cloro activo, este detergente no solo elimina la suciedad, sino que tambi\u00e9n desinfecta, garantizando un ambiente limpio y seguro.<\/p>\n<ul>\n<li class=\"p1\">Formula<span class=\"s1\"><b>: <\/b><\/span>Potente detergente para ataca las bacterias, virus y hongos. Proporcionando una desinfecci\u00f3n profunda en la primera aplicaci\u00f3n<\/li>\n<li class=\"p1\">Uso<span class=\"s1\"><b>: <\/b><\/span>Ideal para superficies duras,<b> <\/b>(No recomendamos sobre metales o \u00e1reas que se procese alimento)<\/li>\n<\/ul>\n","protected":false},"featured_media":10221,"comment_status":"open","ping_status":"closed","template":"","meta":{"_joinchat":[]},"product_brand":[],"product_cat":[106],"product_tag":[],"class_list":{"0":"post-10288","1":"product","2":"type-product","3":"status-publish","4":"has-post-thumbnail","6":"product_cat-detergentes","8":"first","9":"instock","10":"virtual","11":"purchasable","12":"product-type-simple"},"_links":{"self":[{"href":"https:\/\/maquinsa.com.ni\/redesign\/wp-json\/wp\/v2\/product\/10288","targetHints":{"allow":["GET"]}}],"collection":[{"href":"https:\/\/maquinsa.com.ni\/redesign\/wp-json\/wp\/v2\/product"}],"about":[{"href":"https:\/\/maquinsa.com.ni\/redesign\/wp-json\/wp\/v2\/types\/product"}],"replies":[{"embeddable":true,"href":"https:\/\/maquinsa.com.ni\/redesign\/wp-json\/wp\/v2\/comments?post=10288"}],"version-history":[{"count":1,"href":"https:\/\/maquinsa.com.ni\/redesign\/wp-json\/wp\/v2\/product\/10288\/revisions"}],"predecessor-version":[{"id":10289,"href":"https:\/\/maquinsa.com.ni\/redesign\/wp-json\/wp\/v2\/product\/10288\/revisions\/10289"}],"wp:featuredmedia":[{"embeddable":true,"href":"https:\/\/maquinsa.com.ni\/redesign\/wp-json\/wp\/v2\/media\/10221"}],"wp:attachment":[{"href":"https:\/\/maquinsa.com.ni\/redesign\/wp-json\/wp\/v2\/media?parent=10288"}],"wp:term":[{"taxonomy":"product_brand","embeddable":true,"href":"https:\/\/maquinsa.com.ni\/redesign\/wp-json\/wp\/v2\/product_brand?post=10288"},{"taxonomy":"product_cat","embeddable":true,"href":"https:\/\/maquinsa.com.ni\/redesign\/wp-json\/wp\/v2\/product_cat?post=10288"},{"taxonomy":"product_tag","embeddable":true,"href":"https:\/\/maquinsa.com.ni\/redesign\/wp-json\/wp\/v2\/product_tag?post=10288"}],"curies":[{"name":"wp","href":"https:\/\/api.w.org\/{rel}","templated":true}]}}