{"id":10910,"date":"2024-12-19T00:59:04","date_gmt":"2024-12-19T00:59:04","guid":{"rendered":"https:\/\/maquinsa.com.ni\/redesign\/?post_type=product&#038;p=10910"},"modified":"2024-12-19T00:59:05","modified_gmt":"2024-12-19T00:59:05","slug":"selecto-superior-verde","status":"publish","type":"product","link":"https:\/\/maquinsa.com.ni\/redesign\/producto\/selecto-superior-verde\/","title":{"rendered":"Selecto superior verde"},"content":{"rendered":"","protected":false},"excerpt":{"rendered":"<p class=\"p1\">Es un grano de caf\u00e9 de alta calidad, cultivado en las mejores regiones productoras, bajo condiciones ideales que garantizan su frescura y sabor \u00fanico. Su proceso de selecci\u00f3n rigurosa asegura que solo los granos m\u00e1s perfectos lleguen a su mesa, preservando sus notas suaves y arom\u00e1ticas.<\/p>\n<p class=\"p1\"><b>Nota: <\/b>Selecto Amarillo. Consulte por filtro de cafetera<\/p>\n","protected":false},"featured_media":10911,"comment_status":"open","ping_status":"closed","template":"","meta":{"_joinchat":[]},"product_brand":[],"product_cat":[135],"product_tag":[],"class_list":{"0":"post-10910","1":"product","2":"type-product","3":"status-publish","4":"has-post-thumbnail","6":"product_cat-oficina","8":"first","9":"instock","10":"virtual","11":"purchasable","12":"product-type-simple"},"_links":{"self":[{"href":"https:\/\/maquinsa.com.ni\/redesign\/wp-json\/wp\/v2\/product\/10910","targetHints":{"allow":["GET"]}}],"collection":[{"href":"https:\/\/maquinsa.com.ni\/redesign\/wp-json\/wp\/v2\/product"}],"about":[{"href":"https:\/\/maquinsa.com.ni\/redesign\/wp-json\/wp\/v2\/types\/product"}],"replies":[{"embeddable":true,"href":"https:\/\/maquinsa.com.ni\/redesign\/wp-json\/wp\/v2\/comments?post=10910"}],"version-history":[{"count":1,"href":"https:\/\/maquinsa.com.ni\/redesign\/wp-json\/wp\/v2\/product\/10910\/revisions"}],"predecessor-version":[{"id":10912,"href":"https:\/\/maquinsa.com.ni\/redesign\/wp-json\/wp\/v2\/product\/10910\/revisions\/10912"}],"wp:featuredmedia":[{"embeddable":true,"href":"https:\/\/maquinsa.com.ni\/redesign\/wp-json\/wp\/v2\/media\/10911"}],"wp:attachment":[{"href":"https:\/\/maquinsa.com.ni\/redesign\/wp-json\/wp\/v2\/media?parent=10910"}],"wp:term":[{"taxonomy":"product_brand","embeddable":true,"href":"https:\/\/maquinsa.com.ni\/redesign\/wp-json\/wp\/v2\/product_brand?post=10910"},{"taxonomy":"product_cat","embeddable":true,"href":"https:\/\/maquinsa.com.ni\/redesign\/wp-json\/wp\/v2\/product_cat?post=10910"},{"taxonomy":"product_tag","embeddable":true,"href":"https:\/\/maquinsa.com.ni\/redesign\/wp-json\/wp\/v2\/product_tag?post=10910"}],"curies":[{"name":"wp","href":"https:\/\/api.w.org\/{rel}","templated":true}]}}